
22
Let p(k) = 4*k - 21. Let n be p(9). What is the greatest common factor of 195 and n?
15
Let a(d) = 5*d**2 - 2*d - 3. Let f be a(3). Suppose 0 = 4*u + i + 3*i - f, 3*u - 2 = 2*i. What is the greatest common factor of 44 and u?
4
Let w = -371 - -597. Suppose 2*m + w = 4*j, 4*j = -4*m + m + 221. Suppose 0 = -4*q - i - 0*i + 31, -3 = -i. Calculate the greatest common divisor of q and j.
7
Let x(i) = -3*i - 9. Let u be 3 - 2 - (2 + 4). Let z be x(u). Let n be z/(48/(-110))*-8. Calculate the highest common factor of 22 and n.
22
Suppose 32*t = 5*t + 2268. What is the highest common divisor of t and 126?
42
Let g be 4 + (5 - 11)*-7. Let q be (4 - 2)/4*g. Calculate the greatest common factor of q and 23.
23
Let z = 674 + -662. Calculate the greatest common divisor of 930 and z.
6
Let f(h) = -25*h**3 - 28*h + 3. Let n be f(-4). What is the greatest common divisor of 35 and n?
35
Let o = -98 + 108. Calculate the greatest common divisor of o and 125.
5
Suppose -24*a + 275 + 637 = 0. What is the greatest common divisor of 38 and a?
38
Suppose 0 = -2*v + 8, 53 + 15 = 2*b - 2*v. Let s(w) = w**2 + 7*w + 9. Let f be s(-7). Let h be (-5 + f)*114/8. Calculate the highest common factor of b and h.
19
Let z be ((-340)/60)/(1/(-3)). Let k = 2 - -2. Suppose -k*w = i - 11 - 0, 5*i + w = z. Calculate the greatest common factor of 3 and i.
3
Suppose -5*x + 2*i + 20 = 0, -x - 4*i - 1 = -5. Suppose 6*z + s - 2 = 4*z, 0 = 5*z - s - 5. What is the highest common factor of z and x?
1
Suppose -2*y = -3*d + 48, -5*d + 4*y = -d - 64. Calculate the greatest common factor of 232 and d.
8
Let k(c) = -40*c + 141. Let b be k(-19). What is the highest common divisor of 17 and b?
17
Let p(m) = -23*m - 75. Let a be p(-9). What is the highest common divisor of a and 66?
66
Let w(u) = 3*u + 12. Let s be w(0). Let t = 66 + s. What is the highest common factor of t and 13?
13
Suppose 2*x - 356 = -2*x + 2*m, 182 = 2*x - 3*m. What is the highest common divisor of x and 56?
8
Suppose 0 = 337*s - 327*s - 70. What is the highest common divisor of 861 and s?
7
Let d = 0 - -5. Let g(h) = -h**3 + 5*h + 5. Let w be g(-2). Let n(i) = 3*i**3 - 7*i**2 + 3*i - 2. Let v be n(w). What is the highest common factor of v and d?
5
Suppose 2*z + m - 112 = -0*m, 4*z = -m + 222. Calculate the greatest common factor of z and 605.
55
Suppose -j = -1, -2*f + 0*j = j - 53. Let y = -129 + 84. Let d = 279 + y. Calculate the greatest common factor of d and f.
26
Suppose -2*x + x - 4*t - 6 = 0, -5*t = x + 4. Let r = x + 126. Suppose 6 = i + 2*p, 0 = -5*i + p + 59 + 15. Calculate the greatest common divisor of r and i.
14
Let x = -15 + 29. Let s = x + -18. Let k be -2 + (0 + 2 - s). Calculate the highest common divisor of 12 and k.
4
Let a(d) = d**3 - 10*d**2 + 14*d - 25. Let u be a(9). Calculate the highest common factor of u and 30.
10
Let y = 61 + -33. Calculate the greatest common divisor of 196 and y.
28
Suppose 5*n = -h + 16, -h + 37 = -n + 15. What is the greatest common divisor of h and 231?
21
Suppose -z = 3*u - 27, -3*z + 25 + 32 = u. What is the highest common divisor of 198 and z?
18
Let v(q) = -q**3 - 2*q**2 + 10*q + 31. Let b be v(-6). Suppose a - 17 = 6. Suppose -d + 0*d = -a. What is the greatest common factor of d and b?
23
Let p = -17 - 20. Let o = 47 + p. What is the highest common factor of o and 80?
10
Suppose 7*v = 3*v + 352. Let w(t) = 2*t**2 + t + 6. Let a be w(0). Suppose 8*f - k = 3*f + 38, a = 3*k. Calculate the highest common divisor of v and f.
8
Let y = 35 + 45. Let n be (-6)/(-9) + y/6. Suppose o - 28 = -0. What is the highest common factor of n and o?
14
Let r(f) = 11*f**2 + 6. Let b(i) = 1. Let c(z) = -5*b(z) + r(z). Let k be c(-1). Calculate the greatest common divisor of k and 8.
4
Suppose -2*s + 31 + 37 = 0. Suppose 5*c - 6*c = -4*p + 16, 0 = 3*c - 12. Suppose 438 = p*f + 13. Calculate the highest common factor of s and f.
17
Let k(p) = p**2 - 2*p + 4. Let x be k(3). Let g(y) = y**3 + 10*y**2 - y - 13. Let s be g(-9). Calculate the greatest common divisor of s and x.
7
Let o = 28 + 6. Let l be 2 + (-3 - -1 - -4). Suppose -1153 = -l*f - 65. What is the highest common divisor of o and f?
34
Let g(k) = -7*k**3. Let b be g(1). Let x(n) = -n**2 - 9*n - 10. Let a be x(b). Suppose 498 = a*y + 118. What is the greatest common factor of y and 19?
19
Let h be (-1 - -10)*24/54*6. Calculate the highest common divisor of 15 and h.
3
Let u(a) = -58*a**3 + 4*a - 2. Let i be u(-2). Suppose i + 50 = 7*t. Suppose z - 10 - 14 = 0. What is the greatest common divisor of t and z?
24
Let t be ((-84)/8)/(-7)*-12. Let r = 16 - t. Suppose 3*o - p - r = 0, 4*p - 56 - 12 = -5*o. What is the highest common factor of 72 and o?
12
Suppose -440 = 5*u - 16*u. What is the greatest common divisor of u and 5?
5
Suppose 6*j = -j. Suppose j*p + 726 = 6*p. What is the highest common divisor of 11 and p?
11
Suppose 16 = -12*j + 76. Calculate the highest common divisor of j and 25.
5
Let o(s) = 9*s - 7. Let c be o(7). Let r be 38 - ((5 - 2) + -1). Suppose -12 = 3*z - r. What is the highest common divisor of z and c?
8
Suppose 0 = -i - 3*q + 570, i - 564 = -17*q + 16*q. What is the highest common divisor of 33 and i?
33
Suppose -4*n + 9*n = 4*b - 325, -2*n - 242 = -3*b. What is the highest common divisor of b and 220?
20
Let m = 1115 + -1101. Calculate the greatest common factor of 98 and m.
14
Let v = 1759 - 628. Calculate the greatest common factor of v and 174.
87
Let y be (129 - 129) + 10/((-4)/(-2)). What is the highest common factor of y and 95?
5
Suppose 2*k - 5*t = -21, -k - t - 53 = 3*k. Let l = -2 - k. Calculate the highest common divisor of l and 11.
11
Suppose 5*i - i - 116 = 4*y, 2*i - 46 = -y. Let f = 42 - i. Calculate the highest common factor of 153 and f.
17
Let y = 26 - 17. Calculate the greatest common divisor of 36 and y.
9
Suppose 4*k + 5*j = 884, 4*k - 4*j = -j + 884. Calculate the highest common divisor of 13 and k.
13
Suppose -27*z + 421 + 119 = 0. Calculate the greatest common factor of 64 and z.
4
Let f be (12/(-4) + 0 - -3)/2. Let k be (18 - 17) + (55 - (2 + f)). What is the greatest common factor of 6 and k?
6
Let k(r) = 2*r**3 - 2*r**2 + 4*r. Let v(c) = c**2 + 5*c - 4. Let h be v(-5). Let u be k(h). Let d = -114 - u. What is the highest common divisor of d and 93?
31
Let q = 4 - 0. Let j be (-14)/(-6) - (-2)/(-6). Suppose -5*c = 4*t - 9, 0 = -c - 0*t + j*t - 1. Calculate the highest common divisor of q and c.
1
Let z = 19 - 12. Suppose -3*i + 2 = -z. Let r = 1848 - 1821. Calculate the highest common factor of i and r.
3
Let i = 53 + -30. Suppose 0 = -4*a + 4*c - 31 + 7, 0 = -a - 4*c + 9. Let d = a - -49. Calculate the greatest common divisor of d and i.
23
Let s(o) = 5*o**3 + 5*o**2 + 3*o - 4. Let r be s(3). Let z be 4/(-16) + r/4. What is the greatest common factor of 184 and z?
46
Let a be (-2)/4 - 109/(-2). Suppose -32*d - 522 = -1674. Calculate the highest common divisor of d and a.
18
Suppose 3*v + 2*t = 2112, 22*t - 2796 = -4*v + 26*t. What is the highest common factor of v and 26?
26
Let n(q) = 3*q - 2. Let x be n(3). Suppose 17*s - 100 = 12*s. Let o = x + s. What is the highest common factor of o and 54?
27
Let l be 5/30 - (-22)/12. Let a(r) = 7*r**2 - 2*r. Let t be a(l). Suppose -t = 6*z - 8*z. Calculate the greatest common factor of 30 and z.
6
Let q = 90 + -54. What is the greatest common divisor of q and 126?
18
Let u(s) = s**3 - 4*s**2 - 7*s + 23. Let w be u(5). What is the highest common factor of w and 481?
13
Let d = 65 + -37. Calculate the highest common divisor of d and 70.
14
Let g(q) = 3*q**2 + 5*q - 17. Let s be g(6). Calculate the highest common factor of 11 and s.
11
Suppose -14*w - 2*w + 960 = 0. What is the highest common divisor of w and 48?
12
Let v(t) = 197*t + 3. Let x be v(3). Suppose 8*g - x = 6*g. Calculate the highest common divisor of 27 and g.
27
Suppose -3*v + 52 = p + 4*p, -3*p = 5*v - 76. What is the highest common divisor of 364 and v?
14
Suppose 5*w - 5*f - 33 = 107, 20 = -4*f. Let z = 18 + -16. Suppose 0*b - 4*b + 296 = 5*y, -2*b + z*y + 130 = 0. What is the greatest common factor of b and w?
23
Suppose -7*l - 42 = -140. Calculate the greatest common factor of 182 and l.
14
Suppose 0 = -4*g + 96 + 192. Calculate the greatest common divisor of 48